{"id":8965,"date":"2023-12-15T09:24:40","date_gmt":"2023-12-15T08:24:40","guid":{"rendered":"https:\/\/schizophrenialife.md\/public\/?page_id=8965"},"modified":"2025-12-18T13:35:55","modified_gmt":"2025-12-18T12:35:55","slug":"gestionarea-schizofreniei-si-a-sarcinii","status":"publish","type":"page","link":"https:\/\/schizophrenialife.md\/public\/gestionarea-schizofreniei-si-a-sarcinii\/","title":{"rendered":"Gestionarea schizofreniei \u0219i a sarcinii"},"content":{"rendered":"\n<div class=\"wp-block-rea-inpage-nav-rea-inpage-nav-block rea-inpage-nav-block front has-margin\"><div class=\"rea-inpage-nav-block__image\" style=\"background-image: url(https:\/\/schizophrenialife.md\/public\/wp-content\/uploads\/2019\/03\/wooden.png)\"><img decoding=\"async\" class=\"inpage-nav-background\" alt=\"\" src=\"https:\/\/schizophrenialife.md\/public\/wp-content\/uploads\/2019\/03\/wooden.png\"><\/div><div class=\"rea-inpage-nav-block__content\"><div class=\"rea-inpage-nav-block__content--wrapper\"><div class=\"text-wrapper\"><h2 class=\"inpage-nav-title\">Gestionarea schizofreniei \u0219i a sarcinii<\/h2><ul class=\"inpage-nav-list\"><li>Persoanele cu schizofrenie pot avea o sarcin\u0103 s\u0103n\u0103toas\u0103 \u0219i un copil s\u0103n\u0103tos. Este important s\u0103 discuta\u021bi cu medicul dvs. referitor la tratamentul medical \u0219i s\u0103 continua\u021bi s\u0103 lua\u021bi tratamentul.<\/li><li>Dac\u0103 \u0219ti\u021bi pe cineva c\u0103 este \u00eens\u0103rcinat\u0103 \u0219i c\u0103 are schizofrenie, pute\u021bi reprezenta un element de sprijin doar ascult\u00e2nd-o \u0219i planific\u00e2nd \u00een avans.<\/li><\/ul><\/div><div class=\"section-nav\"><h4 class=\"section-nav--title\">\u00cen aceast\u0103 sec\u021biune<\/h4><div class=\"section-nav--nav-items js-inpage-nav-items\"><\/div><\/div><\/div><\/div><\/div>\n\n\n\n<div class=\"wp-block-rea-paragraph-rea-paragraph-block rea-paragraph-block front\"><div class=\"rea-paragraph-block__content\"><p class=\"content-text\">Pute\u021bi avea o sarcin\u0103 s\u0103n\u0103toas\u0103 \u0219i un copil s\u0103n\u0103tos dac\u0103 ave\u021bi schizofrenie, iar dac\u0103 ave\u021bi grij\u0103 de dvs. v\u0103 poate ajuta s\u0103 ave\u021bi grij\u0103 \u0219i de copil. Primul lucru pe care trebuie s\u0103 \u00eel face\u021bi este s\u0103 discuta\u021bi cu medicii pentru a primi tratamentul \u0219i \u00eengrijirea corecte pentru a v\u0103 gestiona schizofrenia \u0219i pentru a v\u0103 men\u021bine pe dvs. \u0219i copilul s\u0103n\u0103to\u0219i. Medicul dvs. v\u0103 poate furniza recomand\u0103ri privind cele mai bune m\u0103suri pentru situa\u021bia dvs., care v\u0103 pot ajuta s\u0103 v\u0103 sim\u021bi\u021bi mai preg\u0103tit\u0103 \u0219i c\u0103 de\u021bine\u021bi controlul. Mai jos pute\u021bi vedea c\u00e2teva sfaturi privind schizofrenia \u0219i sarcina.<br><br><\/p><\/div><\/div>\n\n\n\n<div class=\"wp-block-rea-title-rea-title-block rea-title-block front\"><div class=\"rea-title-block__content\"><h3 id=\"strongam-schizofrenie-i-doresc-s-am-un-copilstrong\" class=\"content-title \"><strong>Am schizofrenie \u0219i doresc s\u0103 am un copil<\/strong><\/h3><h4 class=\"content-subtitle rea-hidden\"><\/h4><\/div><\/div>\n\n\n\n<div class=\"wp-block-rea-title-rea-title-block rea-title-block front\"><div class=\"rea-title-block__content\"><h3 id=\"\" class=\"content-title rea-hidden\"><\/h3><h4 class=\"content-subtitle \">Poate copilul mo\u0219teni schizofrenia?<\/h4><\/div><\/div>\n\n\n\n<div class=\"wp-block-rea-paragraph-rea-paragraph-block rea-paragraph-block front\"><div class=\"rea-paragraph-block__content\"><p class=\"content-text\">De\u0219i schizofrenia tinde s\u0103 apar\u0103 \u00een familie, nu se consider\u0103 c\u0103 exist\u0103 o gen\u0103 responsabil\u0103<sup>1<\/sup>. Cel mai probabil diferitele combina\u021bii de gene pot afecta riscul de dezvoltare a schizofreniei. De asemenea, factorii de mediu cum ar fi evenimentele personale stresante, pot avea un rol la fel de important \u00een dezvoltarea schizofreniei ca \u0219i factorii genetici<sup>2<\/sup>.<br><br><\/p><\/div><\/div>\n\n\n\n<div class=\"wp-block-rea-title-rea-title-block rea-title-block front\"><div class=\"rea-title-block__content\"><h3 id=\"\" class=\"content-title rea-hidden\"><\/h3><h4 class=\"content-subtitle \">Medicamentele mele antipsihotice pot afecta \u0219ansele de a r\u0103m\u00e2ne \u00eens\u0103rcinat\u0103?<\/h4><\/div><\/div>\n\n\n\n<div class=\"wp-block-rea-paragraph-rea-paragraph-block rea-paragraph-block front\"><div class=\"rea-paragraph-block__content\"><p class=\"content-text\">Dac\u0103 \u00een prezent v\u0103 gestiona\u021bi simptomele cu medicamente, trebuie s\u0103 discuta\u021bi cu medicul despre riscurile de a v\u0103 trata sau nu schizofrenia. Continuarea administr\u0103rii medicamentelor prescrise poate prezenta riscuri pentru f\u0103t, dar dac\u0103 nu v\u0103 lua\u021bi medicamentele v\u0103 pute\u021bi sim\u021bi foarte r\u0103u<sup>3<\/sup>.<br><br>Unele medicamente antipsihotice pot cre\u0219te nivelul de prolactin\u0103 din s\u00e2nge<sup>4<\/sup>. De\u0219i prolactina este util\u0103 pentru a preg\u0103ti corpul pentru sarcin\u0103, prea mult\u0103 prolactin\u0103 poate afecta \u0219ansele de a r\u0103m\u00e2ne \u00eens\u0103rcinat\u0103 \u0219i medicul poate decide s\u0103 v\u0103 schimbe medica\u021bia<sup>5<\/sup>. <br><br>Tulbur\u0103rile menstruale pot ap\u0103rea odat\u0103 cu nivelurile ridicate de prolactin\u0103, care v\u0103 pot influen\u021ba libidoul \u0219i fertilitatea<sup>4<\/sup>. Este important s\u0103 discuta\u021bi cu medicul care medicament este cel mai potrivit pentru dvs.<br><\/p><\/div><\/div>\n\n\n\n<div class=\"wp-block-rea-title-rea-title-block rea-title-block front\"><div class=\"rea-title-block__content\"><h3 data-short=\"&lt;br&gt;\" id=\"\" class=\"content-title rea-hidden\"><\/h3><h4 class=\"content-subtitle \">Cum pot s\u0103 ajute terapiile prin discu\u021bii?<\/h4><\/div><\/div>\n\n\n\n<div class=\"wp-block-rea-paragraph-rea-paragraph-block rea-paragraph-block front\"><div class=\"rea-paragraph-block__content\"><p class=\"content-text\">\u00cen general este bine s\u0103 ave\u021bi cu cine discuta \u0219i re\u021beaua dvs. de sprijin format\u0103 din familie, prieteni \u0219i colegi v\u0103 poate ajuta s\u0103 face\u021bi fa\u021b\u0103 stresului din perioada \u0219i de dup\u0103 sarcin\u0103, precum \u0219i celui generat de schizofrenie. Terapiile prin discu\u021bii ofer\u0103 un mediu profesional \u00een care pute\u021bi discuta cu o persoan\u0103 instruit\u0103 s\u0103 v\u0103 ajute s\u0103 v\u0103 gestiona\u021bi schizofrenia.<br>Mai ales Terapia Comportamental\u0103 Cognitiv\u0103 (CBT), Terapia prin Acceptare \u0219i Implicare (ACT) sau terapia prin art\u0103 sunt terapii prin discu\u021bii pe care le pute\u021bi \u00eencerca \u00een plus fa\u021b\u0103 de medica\u021bie. Acestea v\u0103 pot ajuta s\u0103 v\u0103 schimba\u021bi modul de g\u00e2ndire \u0219i comportamentul \u0219i, prin urmare, simptomele de schizofrenie s\u0103 devin\u0103 mai u\u0219or de gestionat. Aceste tratamente v\u0103 pot ajuta \u0219i cu psihoza post-partum, o afec\u021biune psihiatric\u0103 rar\u0103 dar grav\u0103, care poate afecta o femeie imediat dup\u0103 ce na\u0219te<sup>6<\/sup>.<\/p><\/div><\/div>\n\n\n\n<div class=\"wp-block-rea-separator-rea-separator-block rea-separator-block front\"><div class=\"rea-separator-block__content\"><hr class=\"rea-separator-block__separator\"><\/div><\/div>\n\n\n\n<div class=\"wp-block-rea-title-rea-title-block rea-title-block front\"><div class=\"rea-title-block__content\"><h3 id=\"strongam-schizofrenie-i-sunt-nsrcinatstrong\" class=\"content-title \"><strong>Am schizofrenie \u0219i sunt \u00eens\u0103rcinat\u0103<\/strong><\/h3><h4 class=\"content-subtitle rea-hidden\"><\/h4><\/div><\/div>\n\n\n\n<div class=\"wp-block-rea-title-rea-title-block rea-title-block front\"><div class=\"rea-title-block__content\"><h3 id=\"\" class=\"content-title rea-hidden\"><\/h3><h4 class=\"content-subtitle \">Care sunt posibilele riscuri pentru s\u0103n\u0103tatea mea dac\u0103 iau antipsihotice \u00een timpul sarcinii?<\/h4><\/div><\/div>\n\n\n\n<div class=\"wp-block-rea-paragraph-rea-paragraph-block rea-paragraph-block front\"><div class=\"rea-paragraph-block__content\"><p class=\"content-text\">Medica\u021bia antipsihotic\u0103 poate genera posibile reac\u021bii adverse asupra s\u0103n\u0103t\u0103\u021bii, dar reprezint\u0103 o cre\u0219tere mic\u0103 a riscului de complica\u021bii specifice dac\u0103 sunte\u021bi \u0219i \u00eens\u0103rcinat\u0103.<br><br>Un studiu canadian de mare anvergur\u0103 a determinat c\u0103 femeile \u00eens\u0103rcinate cu schizofrenie, comparativ cu cele f\u0103r\u0103 afec\u021biuni psihiatrice diagnosticate, au prezentat \u0219anse pu\u021bin mai ridicate de<sup>7<\/sup>:<\/p><\/div><\/div>\n\n\n\n<div class=\"wp-block-rea-list-rea-list-block rea-list-block front\"><div class=\"rea-list-block__wrapper\"><div class=\"list-unordered list\"><p>pre-eclampsie<\/p><p>tromboz\u0103 venoas\u0103 profund\u0103<\/p><p>na\u0219tere prematur\u0103<\/p><p>greutate mic\u0103 \u0219i mare la na\u0219tere pentru v\u00e2rsta gesta\u021bional\u0103<\/p><p>diabet gesta\u021bional<\/p><p>hipertensiune cronic\u0103<\/p><\/div><\/div><\/div>\n\n\n\n<div class=\"wp-block-rea-paragraph-rea-paragraph-block rea-paragraph-block front\"><div class=\"rea-paragraph-block__content\"><p class=\"content-text\">De\u0219i a \u00eensemnat c\u0103 femeile din studiu au trebuit s\u0103 stea internate mai des \u00een spital dec\u00e2t media, medicii sunt acum mai con\u0219tien\u021bi privind riscurile poten\u021biale; prin urmare, strategiile corecte de gestionare a riscurilor se pot dezvolta pentru a sprijini femeile cu schizofrenie care doresc s\u0103 fie sau sunt \u00eens\u0103rcinate. <br><br>Atunci c\u00e2nd se evalueaz\u0103 raportul risc\/beneficiu al medica\u021biei antipsihotice, medicul dvs. poate lua \u00een calcul (printre altele):<\/p><\/div><\/div>\n\n\n\n<div class=\"wp-block-rea-list-rea-list-block rea-list-block front\"><div class=\"rea-list-block__wrapper\"><div class=\"list-unordered list\"><p>Factorii de risc pentru diabetul gesta\u021bional \u0219i cre\u0219terea excesiv\u0103 \u00een greutate.<\/p><p>Datele disponibile privind siguran\u021ba acestor medicamente \u00een sarcin\u0103 \u0219i \u00een timpul perioadei postnatale.<\/p><p>Riscul de recidiv\u0103 f\u0103r\u0103 medica\u021bie<sup>8<\/sup>.<\/p><\/div><\/div><\/div>\n\n\n\n<div class=\"wp-block-rea-paragraph-rea-paragraph-block rea-paragraph-block front\"><div class=\"rea-paragraph-block__content\"><p class=\"content-text\">Este important s\u0103 respecta\u021bi indica\u021biile medicului \u0219i s\u0103 \u00een\u021belege\u021bi importan\u021ba gestion\u0103rii simptomelor \u00een timpul sarcinii<sup>9,10<\/sup>. Dac\u0103 v\u0103 asigura\u021bi c\u0103 purta\u021bi cu medicul discu\u021bii deschise \u0219i sincere privind posibilele riscuri privind o sarcin\u0103 \u0219i schimb\u0103rile de tratament \u00eenseamn\u0103 c\u0103 ve\u021bi avea mai multe \u0219anse de a avea o sarcin\u0103 s\u0103n\u0103toas\u0103 \u0219i bine monitorizat\u0103.<br><br><\/p><\/div><\/div>\n\n\n\n<div class=\"wp-block-rea-title-rea-title-block rea-title-block front\"><div class=\"rea-title-block__content\"><h3 id=\"\" class=\"content-title rea-hidden\"><\/h3><h4 class=\"content-subtitle \">Care sunt posibilele riscuri pentru s\u0103n\u0103tatea f\u0103tului meu dac\u0103 iau antipsihotice \u00een timpul sarcinii?<\/h4><\/div><\/div>\n\n\n\n<div class=\"wp-block-rea-paragraph-rea-paragraph-block rea-paragraph-block front\"><div class=\"rea-paragraph-block__content\"><p class=\"content-text\">Administrarea de antipsihotice \u00een timpul sarcinii nu implic\u0103 apari\u021bia unor reac\u021bii adverse grave pentru f\u0103t (de ex. anomalii congenitale), dar poate fi asociat\u0103 cu na\u0219terea prematur\u0103, greutatea mic\u0103 la na\u0219tere \u0219i efecte de sevraj neonatal (din cauza expunerii copilului la medicament c\u00e2t timp este \u00een p\u00e2ntec). <br><br>Cu toate acestea, cea mai mare parte a dovezilor provin din utilizarea de antipsihotice de genera\u021bie mai veche \u0219i nu de antipsihotice mai noi (\u201eatipice\u201d)<sup>4<\/sup>. Discuta\u021bi cu medicul dac\u0103 v\u0103 face\u021bi griji \u00een leg\u0103tur\u0103 cu s\u0103n\u0103tatea f\u0103tului atunci c\u00e2nd lua\u021bi medicamente \u0219i acesta va stabili dac\u0103 trebuie s\u0103 schimba\u021bi medica\u021bia pe durata sarcinii.<br><br><\/p><\/div><\/div>\n\n\n\n<div class=\"wp-block-rea-title-rea-title-block rea-title-block front\"><div class=\"rea-title-block__content\"><h3 id=\"\" class=\"content-title rea-hidden\"><\/h3><h4 class=\"content-subtitle \">Ce altceva mai pot face \u00een timpul sarcinii pentru a-mi men\u021bine s\u0103n\u0103tatea fizic\u0103 \u0219i psihic\u0103?<\/h4><\/div><\/div>\n\n\n\n<div class=\"wp-block-rea-paragraph-rea-paragraph-block rea-paragraph-block front\"><div class=\"rea-paragraph-block__content\"><p class=\"content-text\">Sunt foarte multe lucruri pe care le pute\u021bi face pentru a v\u0103 men\u021bine starea de bine \u00een timpul sarcinii:<\/p><\/div><\/div>\n\n\n\n<div class=\"wp-block-rea-list-rea-list-block rea-list-block front\"><div class=\"rea-list-block__wrapper\"><div class=\"list-unordered list\"><p>S\u0103 ave\u021bi un regim alimentar s\u0103n\u0103tos, \u00eenso\u021bit de exerci\u021bii fizice.<\/p><p>S\u0103 lua\u021bi suplimente zilnice de acid folic<sup>1<\/sup>.<\/p><p>S\u0103 reduce\u021bi consumul de alcool. Dac\u0103 este posibil, s\u0103 nu mai consuma\u021bi alcool.<\/p><p>S\u0103 v\u0103 l\u0103sa\u021bi de fumat.<\/p><p>S\u0103 exersa\u021bi tehnicile de reducere a stresului, cum ar fi relaxarea mu\u0219chilor, medita\u021bia.<\/p><p>S\u0103 v\u0103 stabili\u021bi tipare corecte de somn.<\/p><\/div><\/div><\/div>\n\n\n\n<div class=\"wp-block-rea-title-rea-title-block rea-title-block front\"><div class=\"rea-title-block__content\"><h3 id=\"\" class=\"content-title rea-hidden\"><\/h3><h4 class=\"content-subtitle \">Ar trebui s\u0103 continui s\u0103 iau medica\u021bia dup\u0103 ce nasc copilul (post-partum)?<\/h4><\/div><\/div>\n\n\n\n<div class=\"wp-block-rea-paragraph-rea-paragraph-block rea-paragraph-block front\"><div class=\"rea-paragraph-block__content\"><p class=\"content-text\">Majoritatea medicamentelor antipsihotice pot trece \u00een laptele matern, chiar dac\u0103 atinge niveluri foarte reduse (&lt; 3%)<sup>1<\/sup>. De\u0219i s-au raportat cazuri de bebelu\u0219i cu somnolen\u021b\u0103 \u0219i letargie post-partum, majoritatea raport\u0103rilor nu au determinat niciun eveniment advers asociat cu nou n\u0103scu\u021bii<sup>2<\/sup>. Pentru a \u00een\u021belege dac\u0103 trebuie s\u0103 continua\u021bi cu medicamentele post-partum, discuta\u021bi cu medicul, care v\u0103 va face recomand\u0103ri \u00een func\u021bie de situa\u021bia dvs. actual\u0103.<br><br><\/p><\/div><\/div>\n\n\n\n<div class=\"wp-block-rea-title-rea-title-block rea-title-block front\"><div class=\"rea-title-block__content\"><h3 id=\"\" class=\"content-title rea-hidden\"><\/h3><h4 class=\"content-subtitle \">Ce trebuie s\u0103 fac dac\u0103 cunosc pe cineva cu schizofrenie care este \u00eens\u0103rcinat\u0103?<\/h4><\/div><\/div>\n\n\n\n<div class=\"wp-block-rea-paragraph-rea-paragraph-block rea-paragraph-block front\"><div class=\"rea-paragraph-block__content\"><p class=\"content-text\">Dac\u0103 sunte\u021bi \u00eengrijitorul unei persoane cu schizofrenie care este \u00eens\u0103rcinat\u0103, cel mai bun lucru este s\u0103 o sprijini\u021bi urm\u00e2nd ace\u0219ti trei pa\u0219i simpli:<br><\/p><\/div><\/div>\n\n\n\n<div class=\"wp-block-rea-list-rea-list-block rea-list-block front\"><div class=\"rea-list-block__wrapper\"><div class=\"list-ordered list\"><p>Asculta\u021bi: faptul c\u0103 sunte\u021bi prezen\u021bi pentru prietena sau membrul dvs. de familie cu schizofrenie \u00een timpul \u0219i dup\u0103 sarcin\u0103 poate fi extrem de benefic. \u00cencuraja\u021bi-o s\u0103 \u00ee\u0219i exprime sentimentele \u0219i oferi\u021bi-i ajutor \u00een via\u021ba de zi cu zi.<\/p><p>Planifica\u021bi \u00een avans: preg\u0103ti\u021bi-v\u0103 pentru situa\u021biile dificile care pot ap\u0103rea \u00een timpul \u0219i dup\u0103 sarcin\u0103 \u0219i \u00eencuraja\u021bi discu\u021biile deschise privind luarea din timp a anumitor decizii. Proaspetele mame cu schizofrenie pot avea nevoie de foarte mult sprijin \u00een timpul perioadei post-partum. Urm\u0103rirea \u00eendeaproape este obligatorie pentru a identifica orice revenire a simptomelor psihotice sau neglijare a bebelu\u0219ului, care \u00eel poate supune unui risc<sup>5<\/sup>.<\/p><p>Ave\u021bi grij\u0103 de dvs.: \u00eengrijirea unei persoane cu schizofrenie poate fi stresant\u0103 \u0219i evenimentele personale majore din via\u021b\u0103, cum ar fi sarcina, pot contribui la acest stres. Prin urmare, este important\u0103 s\u0103 ave\u021bi grij\u0103 de dvs. \u0219i s\u0103 v\u0103 acorda\u021bi timp pentru propria stare de bine.<\/p><\/div><\/div><\/div>\n\n\n\n<div class=\"wp-block-rea-references-rea-references-block rea-references-block front\"><div class=\"rea-references-block__references\"><p class=\"references-title\">Referinte<\/p><ol class=\"references-list\"><li><a href=\"https:\/\/www.nhs.uk\/conditions\/schizophrenia\/causes\/\" rel=\"nofollow noopener\" target=\"_blank\">https:\/\/www.nhs.uk\/conditions\/schizophrenia\/causes\/<\/a><\/li><li>Brown AS. The environment and susceptibility to schizophrenia. Prog Neurobiol. 2011;93(1):23-58<\/li><li><a href=\"https:\/\/www.nhs.uk\/conditions\/pregnancy-and-baby\/mental-health-problems-pregnant\/\" rel=\"nofollow noopener\" target=\"_blank\">https:\/\/www.nhs.uk\/conditions\/pregnancy-and-baby\/mental-health-problems-pregnant\/<\/a><\/li><li>Bargiota, et al., The Effects of Antipsychotics on Prolactin Levels and Women&#8217;s Menstruation Schizophr Res Treatment. 2013; 2013: 502697. <a href=\"https:\/\/www.ncbi.nlm.nih.gov\/pmc\/articles\/PMC3886401\/\" rel=\"nofollow noopener\" target=\"_blank\">https:\/\/www.ncbi.nlm.nih.gov\/pmc\/articles\/PMC3886401\/<\/a><\/li><li>Robinson, Treatment of schizophrenia in pregnancy and postpartum. The Canadian journal of clinical pharmacology 19(3):e380-6 \u00b7 October 2012 <a href=\"https:\/\/www.researchgate.net\/publication\/232279872_Treatment_of_schizophrenia_in_pregnancy_and_postpartum\" rel=\"nofollow noopener\" target=\"_blank\">https:\/\/www.researchgate.net\/publication\/232279872_Treatment_of_schizophrenia_in_pregnancy_and_postpartum<\/a><\/li><li><a href=\"https:\/\/www.nhs.uk\/conditions\/post-partum-psychosis\/\" rel=\"nofollow noopener\" target=\"_blank\">https:\/\/www.nhs.uk\/conditions\/post-partum-psychosis\/<\/a><\/li><li>Vigod et al., Maternal and newborn outcomes among women with schizophrenia: a retrospective population-based cohort study, BJOG. 2014 Apr;121(5):566-74. <a href=\"https:\/\/obgyn.onlinelibrary.wiley.com\/doi\/pdf\/10.1111\/1471-0528.12567\" rel=\"nofollow noopener\" target=\"_blank\">https:\/\/obgyn.onlinelibrary.wiley.com\/doi\/pdf\/10.1111\/1471-0528.12567<\/a><\/li><li>Using antipsychotics in pregnancy &#8211; NHS Evidence <a href=\"https:\/\/arms.evidence.nhs.uk\/resources\/hub\/1047945\/attachment\" rel=\"nofollow noopener\" target=\"_blank\">https:\/\/arms.evidence.nhs.uk\/resources\/hub\/1047945\/attachment<\/a><\/li><li>Teodorescu et al., Dilemma of treating schizophrenia during pregnancy: A case series and a review of literature. BMC Psychiatry. 2017 Aug 29;17(1):311. Review. <a href=\"https:\/\/bmcpsychiatry.biomedcentral.com\/articles\/10.1186\/s12888-017-1475-z\" rel=\"nofollow noopener\" target=\"_blank\">https:\/\/bmcpsychiatry.biomedcentral.com\/articles\/10.1186\/s12888-017-1475-z<\/a> <\/li><li>Levinson. Review: women with schizophrenia have poorer pregnancy outcomes than other women, but it is unclear whether antipsychotic medications affect their infants. Evidence-Based Mental Health 2003;6:89. <a href=\"https:\/\/ebmh.bmj.com\/content\/6\/3\/89\" rel=\"nofollow noopener\" target=\"_blank\">https:\/\/ebmh.bmj.com\/content\/6\/3\/89<\/a>    <\/li><li><a href=\"https:\/\/www.nhs.uk\/common-health-questions\/pregnancy\/why-do-i-need-folic-acid-in-pregnancy\/\" rel=\"nofollow noopener\" target=\"_blank\">https:\/\/www.nhs.uk\/common-health-questions\/pregnancy\/why-do-i-need-folic-acid-in-pregnancy\/<\/a> <\/li><li>Gentile S. Infant safety with antipsychotic therapy in breast-feeding: a systematic review. J Clin Psychiatry 2000; 69:666-673<\/li><li>Einarson A. Antipsychotic medication(safety\/risk) during pregnancy and breastfeeding. Curr Women\u2019s Health Rev. 2010:6:34-38.<\/li><\/ol><\/div><\/div>\n\n\n\n\n<div class=\"wp-block-rea-title-rea-title-block rea-title-block front rea-share-block\" style=\"margin-bottom:30px;text-align:center;\">\n\t\t<div class=\"\">\n\t\t\t<span style=\"display:block;margin-bottom:10px;font-size:20px;\">Share<\/span>\n\t\t\t<a href=\"https:\/\/www.facebook.com\/sharer\/sharer.php?u=https:\/\/schizophrenialife.md\/public\/wp-json\/wp\/v2\/pages\/8965\" class=\"facebook-share\" target=\"_blank\"><\/a>\n\t\t\t<a href=\"https:\/\/www.linkedin.com\/shareArticle?mini=true&#038;url=https:\/\/schizophrenialife.md\/public\/wp-json\/wp\/v2\/pages\/8965\" class=\"linkedin-share\" target=\"_blank\"><\/a>\n\t\t<\/div>\n\t<\/div>","protected":false},"excerpt":{"rendered":"<p>Share<\/p>\n","protected":false},"author":6,"featured_media":0,"parent":0,"menu_order":0,"comment_status":"closed","ping_status":"closed","template":"page-fullwidth.php","meta":{"rea_page_title_signed_in_meta_block_field":"Sarcina","rea_page_title_signed_out_meta_block_field":"Sarcina","rea_page_description_signed_in_meta_block_field":"","rea_page_description_signed_out_meta_block_field":"","rea_page_footer_id_meta_block_field":"","rea_page_footer_date_meta_block_field":"","rank_math_lock_modified_date":false,"footnotes":""},"class_list":["post-8965","page","type-page","status-publish","hentry"],"acf":[],"_links":{"self":[{"href":"https:\/\/schizophrenialife.md\/public\/wp-json\/wp\/v2\/pages\/8965","targetHints":{"allow":["GET"]}}],"collection":[{"href":"https:\/\/schizophrenialife.md\/public\/wp-json\/wp\/v2\/pages"}],"about":[{"href":"https:\/\/schizophrenialife.md\/public\/wp-json\/wp\/v2\/types\/page"}],"author":[{"embeddable":true,"href":"https:\/\/schizophrenialife.md\/public\/wp-json\/wp\/v2\/users\/6"}],"replies":[{"embeddable":true,"href":"https:\/\/schizophrenialife.md\/public\/wp-json\/wp\/v2\/comments?post=8965"}],"version-history":[{"count":13,"href":"https:\/\/schizophrenialife.md\/public\/wp-json\/wp\/v2\/pages\/8965\/revisions"}],"predecessor-version":[{"id":9418,"href":"https:\/\/schizophrenialife.md\/public\/wp-json\/wp\/v2\/pages\/8965\/revisions\/9418"}],"wp:attachment":[{"href":"https:\/\/schizophrenialife.md\/public\/wp-json\/wp\/v2\/media?parent=8965"}],"curies":[{"name":"wp","href":"https:\/\/api.w.org\/{rel}","templated":true}]}}