{"id":8963,"date":"2023-12-15T09:20:37","date_gmt":"2023-12-15T08:20:37","guid":{"rendered":"https:\/\/schizophrenialife.md\/public\/?page_id=8963"},"modified":"2025-12-18T13:35:55","modified_gmt":"2025-12-18T12:35:55","slug":"cum-pot-ajuta-pe-cineva-care-are-schizofrenie","status":"publish","type":"page","link":"https:\/\/schizophrenialife.md\/public\/cum-pot-ajuta-pe-cineva-care-are-schizofrenie\/","title":{"rendered":"Cum pot ajuta pe cineva care are schizofrenie?"},"content":{"rendered":"\n<div class=\"wp-block-rea-inpage-nav-rea-inpage-nav-block rea-inpage-nav-block front has-margin\"><div class=\"rea-inpage-nav-block__image\" style=\"background-image: url(https:\/\/schizophrenialife.md\/public\/wp-content\/uploads\/2019\/03\/wooden.png)\"><img decoding=\"async\" class=\"inpage-nav-background\" alt=\"\" src=\"https:\/\/schizophrenialife.md\/public\/wp-content\/uploads\/2019\/03\/wooden.png\"><\/div><div class=\"rea-inpage-nav-block__content\"><div class=\"rea-inpage-nav-block__content--wrapper\"><div class=\"text-wrapper\"><h2 class=\"inpage-nav-title\">Cum pot ajuta pe cineva care are schizofrenie?<\/h2><ul class=\"inpage-nav-list\"><li>Nu sunte\u021bi vinovat pentru schizofrenia cuiva<\/li><li>Bolnavul de schizofrenie nu este vinovat de boala sa.<\/li><li>Nu pute\u021bi vindeca boala<\/li><li>Convingerile sau halucina\u021biile lor li se par foarte reale<\/li><li>Persoana nu se rezum\u0103 doar la boala sa<\/li><li>Chiar \u0219i cei mai buni pot face gre\u0219eli<\/li><\/ul><\/div><div class=\"section-nav\"><h4 class=\"section-nav--title\">In this section<\/h4><div class=\"section-nav--nav-items js-inpage-nav-items\"><\/div><\/div><\/div><\/div><\/div>\n\n\n\n<div class=\"wp-block-rea-title-rea-title-block rea-title-block front\"><div class=\"rea-title-block__content\"><h3 id=\"\" class=\"content-title rea-hidden\"><\/h3><h4 class=\"content-subtitle \">1. Afla\u021bi mai multe despre schizofrenie<\/h4><\/div><\/div>\n\n\n\n<div class=\"wp-block-rea-paragraph-rea-paragraph-block rea-paragraph-block front\"><div class=\"rea-paragraph-block__content\"><p class=\"content-text\">Este important s\u0103 afla\u021bi mai multe despre schizofrenie pentru a \u00een\u021belege fazele, simptomele \u0219i cu ce se poate confrunta o persoan\u0103. Exist\u0103 foarte multe informa\u021bii gre\u0219ite privind schizofrenia, a\u0219adar nu v\u0103 gr\u0103bi\u021bi \u0219i afla\u021bi care sunt mituri \u0219i care este adev\u0103rul.<br><br><\/p><\/div><\/div>\n\n\n\n<div class=\"wp-block-rea-title-rea-title-block rea-title-block front\"><div class=\"rea-title-block__content\"><h3 id=\"\" class=\"content-title rea-hidden\"><\/h3><h4 class=\"content-subtitle \">2. Detecta\u021bi semnele recidivei<\/h4><\/div><\/div>\n\n\n\n<div class=\"wp-block-rea-paragraph-rea-paragraph-block rea-paragraph-block front\"><div class=\"rea-paragraph-block__content\"><p class=\"content-text\">Orice persoan\u0103 cu schizofrenie prezint\u0103 alte simptome \u0219i alt\u0103 evolu\u021bie a bolii. Dac\u0103 recunoa\u0219te\u021bi semnele c\u00e2nd o persoan\u0103 cu schizofrenie poate nu se simte bine, o pute\u021bi ajuta s\u0103 \u00ee\u0219i gestioneze boala.<\/p><\/div><\/div>\n\n\n\n<div class=\"wp-block-rea-list-rea-list-block rea-list-block front\"><div class=\"rea-list-block__wrapper\"><div class=\"list-unordered list\"><p>Pierderea poftei de m\u00e2ncare<\/p><p>Anxietate sau stres<\/p><p>Tulbur\u0103ri de somn<\/p><p>Un sentiment de suspiciune sau team\u0103<\/p><p>\u00cengrijorarea privind motivele oamenilor<\/p><p>Auzirea de voci \u0219optite din c\u00e2nd \u00een c\u00e2nd<\/p><p>Dificult\u0103\u021bi de concentrare<\/p><\/div><\/div><\/div>\n\n\n\n<div class=\"wp-block-rea-paragraph-rea-paragraph-block rea-paragraph-block front\"><div class=\"rea-paragraph-block__content\"><p class=\"content-text\">Dac\u0103 recunoa\u0219te\u021bi aceste semne, asigura\u021bi-v\u0103 c\u0103 are acces la medicamente \u0219i ave\u021bi \u00een vedere solicitarea unui ajutor suplimentar.<br><br><\/p><\/div><\/div>\n\n\n\n<div class=\"wp-block-rea-title-rea-title-block rea-title-block front\"><div class=\"rea-title-block__content\"><h3 id=\"\" class=\"content-title rea-hidden\"><\/h3><h4 class=\"content-subtitle \">3. Solicita\u021bi orice ajutor specializat posibil<\/h4><\/div><\/div>\n\n\n\n<div class=\"wp-block-rea-paragraph-rea-paragraph-block rea-paragraph-block front\"><div class=\"rea-paragraph-block__content\"><p class=\"content-text\">Sunt foarte multe moduri de sprijin \u0219i servicii pentru persoanele cu schizofrenie. Cu c\u00e2t ave\u021bi acces la mai multe consilieri profesionale, cu at\u00e2t mai u\u0219or poate fi \u00een perioadele mai dificile.<br><br><\/p><\/div><\/div>\n\n\n\n<div class=\"wp-block-rea-title-rea-title-block rea-title-block front\"><div class=\"rea-title-block__content\"><h3 id=\"\" class=\"content-title rea-hidden\"><\/h3><h4 class=\"content-subtitle \">4. Asigura\u021bi-v\u0103 c\u0103 \u00ee\u0219i ia medicamentele<\/h4><\/div><\/div>\n\n\n\n<div class=\"wp-block-rea-paragraph-rea-paragraph-block rea-paragraph-block front\"><div class=\"rea-paragraph-block__content\"><p class=\"content-text\">Este important ca persoanele cu schizofrenie s\u0103 \u00ee\u0219i ia medicamentele a\u0219a cum le-au fost prescrise. Acestea pot contribui la prevenirea recidivei<sup>2<\/sup>. C\u00e2nd se simte bine, \u00eencerca\u021bi s\u0103 stabili\u021bi o rutin\u0103 pe care s\u0103 o urmeze. Colabora\u021bi pentru a dep\u0103\u0219i orice perioad\u0103 de uitare\/amnezie cu care se pot confrunta.<br><br><\/p><\/div><\/div>\n\n\n\n<div class=\"wp-block-rea-title-rea-title-block rea-title-block front\"><div class=\"rea-title-block__content\"><h3 id=\"\" class=\"content-title rea-hidden\"><\/h3><h4 class=\"content-subtitle \"><strong>5. Asigura\u021bi-v\u0103 c\u0103 persoana apropiat\u0103 \u00eei este \u00een siguran\u021b\u0103<\/strong><\/h4><\/div><\/div>\n\n\n\n<div class=\"wp-block-rea-paragraph-rea-paragraph-block rea-paragraph-block front\"><div class=\"rea-paragraph-block__content\"><p class=\"content-text\">Unei persoane cu schizofrenie \u00eei poate fi greu s\u0103 g\u00e2ndeasc\u0103 clar \u0219i s\u0103 aib\u0103 grij\u0103 de ea sau de al\u021bii<sup>1<\/sup>. Dac\u0103 are o alt\u0103 persoan\u0103 care depinde de ea, pute\u021bi fi utili dac\u0103 o ajuta\u021bi cu sarcinile zilnice, cum ar fi cur\u0103\u021benia sau cump\u0103r\u0103turile. De asemenea, o pute\u021bi vizita pentru a v\u0103 asigura c\u0103 este bine.<br><br><\/p><\/div><\/div>\n\n\n\n<div class=\"wp-block-rea-title-rea-title-block rea-title-block front\"><div class=\"rea-title-block__content\"><h3 id=\"\" class=\"content-title rea-hidden\"><\/h3><h4 class=\"content-subtitle \"><strong>6. Ajuta\u021bi-o s\u0103 \u00ee\u0219i g\u0103seasc\u0103 ocupa\u021bii relevante \u0219i s\u0103 deprind\u0103 abilit\u0103\u021bi noi<\/strong><\/h4><\/div><\/div>\n\n\n\n<div class=\"wp-block-rea-paragraph-rea-paragraph-block rea-paragraph-block front\"><div class=\"rea-paragraph-block__content\"><p class=\"content-text\">Este important s\u0103 se concentreze pe aspectele pozitive, pe lucrurile care \u00eei pl\u0103ceau sau la care se pricepe. \u00cencerca\u021bi s\u0103 stabili\u021bi obiective mici, realiste, \u0219i s\u0103 o ajuta\u021bi s\u0103 g\u0103seasc\u0103 locuri de munc\u0103 sau abilit\u0103\u021bi care se pot gestiona \u0219i care s\u0103 fie relevante. Re\u021bine\u021bi c\u0103 dificult\u0103\u021bile de concentrare reprezint\u0103 un simptom al schizofreniei, a\u0219a c\u0103 este important s\u0103 ave\u021bi r\u0103bdare<sup>1<\/sup>.<br><br><\/p><\/div><\/div>\n\n\n\n<div class=\"wp-block-rea-title-rea-title-block rea-title-block front\"><div class=\"rea-title-block__content\"><h3 id=\"\" class=\"content-title rea-hidden\"><\/h3><h4 class=\"content-subtitle \"><strong>7. <\/strong>Ave\u021bi grij\u0103 de dvs.<\/h4><\/div><\/div>\n\n\n\n<div class=\"wp-block-rea-paragraph-rea-paragraph-block rea-paragraph-block front\"><div class=\"rea-paragraph-block__content\"><p class=\"content-text\">Niciodat\u0103 nu este u\u0219or s\u0103 ai grij\u0103 de cineva care \u0219tii c\u0103 are schizofrenie. Asigura\u021bi-v\u0103 c\u0103 sunte\u021bi aten\u021bi la nevoile dvs. \u0219i c\u0103 v\u0103 acorda\u021bi timp doar pentru dvs.<\/p><\/div><\/div>\n\n\n\n<div class=\"wp-block-rea-list-rea-list-block rea-list-block front\"><div class=\"rea-list-block__wrapper\"><div class=\"list-unordered list\"><p>G\u0103si\u021bi pe cineva cu care s\u0103 vorbi\u021bi despre sentimentele dvs.<\/p><p>P\u0103stra\u021bi leg\u0103tura cu prietenii \u0219i membrii familiei<\/p><p>Nu lua\u021bi personal comportamentele \u0219i cuvintele dureroase<\/p><\/div><\/div><\/div>\n\n\n\n<div class=\"wp-block-rea-paragraph-rea-paragraph-block rea-paragraph-block front\"><div class=\"rea-paragraph-block__content\"><p class=\"content-text\">C\u0103uta\u021bi resurse institu\u021bionale \u0219i organiza\u021bii caritabile pentru s\u0103n\u0103tatea mintal\u0103 care func\u021bioneaz\u0103 \u00een regiunea dvs.<\/p><\/div><\/div>\n\n\n\n<div class=\"wp-block-rea-references-rea-references-block rea-references-block front\"><div class=\"rea-references-block__references\"><p class=\"references-title\">Referinte<\/p><ol class=\"references-list\"><li>NIMH, Schizophrenia, 2016. <a href=\"https:\/\/www.nimh.nih.gov\/health\/topics\/schizophrenia\/index.shtml\" rel=\"nofollow noopener\" target=\"_blank\">https:\/\/www.nimh.nih.gov\/health\/topics\/schizophrenia\/index.shtml<\/a><sup> <\/sup>[Accessed Jul 2019]<\/li><li>NHS, Living with schizophrenia, 2016. <a href=\"https:\/\/www.nhs.uk\/conditions\/schizophrenia\/living-with\/%20\" rel=\"nofollow noopener\" target=\"_blank\">https:\/\/www.nhs.uk\/conditions\/schizophrenia\/living-with\/ <\/a>[Accessed Jul 2019]<\/li><\/ol><\/div><\/div>\n\n\n\n\n<div class=\"wp-block-rea-title-rea-title-block rea-title-block front rea-share-block\" style=\"margin-bottom:30px;text-align:center;\">\n\t\t<div class=\"\">\n\t\t\t<span style=\"display:block;margin-bottom:10px;font-size:20px;\">Share<\/span>\n\t\t\t<a href=\"https:\/\/www.facebook.com\/sharer\/sharer.php?u=https:\/\/schizophrenialife.md\/public\/wp-json\/wp\/v2\/pages\/8963\" class=\"facebook-share\" target=\"_blank\"><\/a>\n\t\t\t<a href=\"https:\/\/www.linkedin.com\/shareArticle?mini=true&#038;url=https:\/\/schizophrenialife.md\/public\/wp-json\/wp\/v2\/pages\/8963\" class=\"linkedin-share\" target=\"_blank\"><\/a>\n\t\t<\/div>\n\t<\/div>","protected":false},"excerpt":{"rendered":"<p>Share<\/p>\n","protected":false},"author":6,"featured_media":1167,"parent":0,"menu_order":0,"comment_status":"closed","ping_status":"closed","template":"page-fullwidth.php","meta":{"rea_page_title_signed_in_meta_block_field":"Schizofrenia: cum pot s\u0103 ajut?","rea_page_title_signed_out_meta_block_field":"Schizofrenia: cum pot s\u0103 ajut?","rea_page_description_signed_in_meta_block_field":"Este important s\u0103 afla\u021bi mai multe despre schizofrenie pentru a \u00een\u021belege fazele, simptomele \u0219i cu ce se poate confrunta o persoan\u0103. Exist\u0103 numeroase...... gre\u0219ite","rea_page_description_signed_out_meta_block_field":"Este important s\u0103 afla\u021bi mai multe despre schizofrenie pentru a \u00een\u021belege fazele, simptomele \u0219i cu ce se poate confrunta o persoan\u0103. Exist\u0103 numeroase...... gre\u0219ite","rea_page_footer_id_meta_block_field":"","rea_page_footer_date_meta_block_field":"","rank_math_lock_modified_date":false,"footnotes":""},"class_list":["post-8963","page","type-page","status-publish","has-post-thumbnail","hentry"],"acf":[],"_links":{"self":[{"href":"https:\/\/schizophrenialife.md\/public\/wp-json\/wp\/v2\/pages\/8963","targetHints":{"allow":["GET"]}}],"collection":[{"href":"https:\/\/schizophrenialife.md\/public\/wp-json\/wp\/v2\/pages"}],"about":[{"href":"https:\/\/schizophrenialife.md\/public\/wp-json\/wp\/v2\/types\/page"}],"author":[{"embeddable":true,"href":"https:\/\/schizophrenialife.md\/public\/wp-json\/wp\/v2\/users\/6"}],"replies":[{"embeddable":true,"href":"https:\/\/schizophrenialife.md\/public\/wp-json\/wp\/v2\/comments?post=8963"}],"version-history":[{"count":8,"href":"https:\/\/schizophrenialife.md\/public\/wp-json\/wp\/v2\/pages\/8963\/revisions"}],"predecessor-version":[{"id":9419,"href":"https:\/\/schizophrenialife.md\/public\/wp-json\/wp\/v2\/pages\/8963\/revisions\/9419"}],"wp:featuredmedia":[{"embeddable":true,"href":"https:\/\/schizophrenialife.md\/public\/wp-json\/wp\/v2\/media\/1167"}],"wp:attachment":[{"href":"https:\/\/schizophrenialife.md\/public\/wp-json\/wp\/v2\/media?parent=8963"}],"curies":[{"name":"wp","href":"https:\/\/api.w.org\/{rel}","templated":true}]}}