{"id":4715,"date":"2023-11-24T13:42:39","date_gmt":"2023-11-24T12:42:39","guid":{"rendered":"https:\/\/schizophrenialife.md\/public\/?page_id=4715"},"modified":"2025-12-18T13:35:55","modified_gmt":"2025-12-18T12:35:55","slug":"ro","status":"publish","type":"page","link":"https:\/\/schizophrenialife.md\/public\/","title":{"rendered":"Homepage"},"content":{"rendered":"\n<div class=\"wp-block-rea-hero-banner-rea-hero-banner-block rea-hero-banner-block front half-column front\">\n    <div class=\"rea-hero-banner-block__image\" style=\"background-image: url(https:\/\/schizophrenialife.md\/public\/wp-content\/uploads\/2020\/02\/Flowers2-fs8-1.png)\">\n        <img decoding=\"async\" class=\"hero-banner-background\" alt=\"\" src=\"https:\/\/schizophrenialife.md\/public\/wp-content\/uploads\/2020\/02\/Flowers2-fs8-1.png\"><\/div>\n    <div class=\"half-column\"><\/div>\n    <div class=\"rea-hero-banner-block__content\">\n        <div class=\"rea-hero-banner-block__content--wrapper\">\n            <div class=\"text-wrapper\">\n                <h1 class=\"hero-banner-title\">Bun venit la schizophrenialife.md<\/h1>\n                <p class=\"hero-banner-text\">O colec\u021bie de resurse utile, pentru orice persoan\u0103 afectat\u0103 de schizofrenie.\n<\/p>\n                <a class=\"button__primary button-text\" href=\"https:\/\/schizophrenialife.md\/public\/understanding-schizophrenia\/scurta-prezentare-generala-a-schizofreniei\/\">Ce este schizofrenia?\n<\/a>\n                <p class=\"hero-banner-signed-out-text js-hide-dc-signed-in\"><\/p>\n            <\/div>\n            <div class=\"image-wrapper\"><img decoding=\"async\" class=\"hero-banner-image js-rea-parallax\" alt=\"\" src=\"\"><\/div>\n        <\/div>\n    <\/div>\n<\/div>\n\n\n\n<div class=\"wp-block-rea-separator-rea-separator-block rea-separator-block front\"><div class=\"rea-separator-block__content\"><hr class=\"rea-separator-block__separator\"><\/div><\/div>\n\n\n<div class=\"wp-block-image\">\n<figure class=\"aligncenter size-full\"><img loading=\"lazy\" decoding=\"async\" width=\"1024\" height=\"333\" src=\"https:\/\/schizophrenialife.md\/public\/wp-content\/uploads\/2025\/07\/BannerBook.jpg\" alt=\"\" class=\"wp-image-9408\" srcset=\"https:\/\/schizophrenialife.md\/public\/wp-content\/uploads\/2025\/07\/BannerBook.jpg 1024w, https:\/\/schizophrenialife.md\/public\/wp-content\/uploads\/2025\/07\/BannerBook-300x98.jpg 300w, https:\/\/schizophrenialife.md\/public\/wp-content\/uploads\/2025\/07\/BannerBook-768x250.jpg 768w\" sizes=\"auto, (max-width: 1024px) 100vw, 1024px\" \/><\/figure>\n<\/div>\n\n\n<div class=\"wp-block-rea-cta-rea-cta-block rea-cta-block front\"><div class=\"rea-cta-block__content\"><h4 class=\"cta-title\"><\/h4><p class=\"cta-text\">Sincer despre schizofrenie \u2013 ghid dedicat \u00eengrijitorilor \u0219i membrilor familiei, v\u0103 va ajuta s\u0103 v\u0103 contura\u021bi \u0219i s\u0103 v\u0103 fundamenta\u021bi rolul de \u00eengrijitor \u0219i v\u0103 va ajuta s\u0103 rezolva\u021bi dilemele \u0219i s\u0103 v\u0103 r\u0103spunde\u021bi la \u00eentreb\u0103ri prin cuno\u0219tin\u021be medicale, perspective practice, remedii eficiente \u0219i sprijin pentru \u00eengrijitori.<\/p><a class=\"button__primary button-text\" href=\"https:\/\/schizophrenialife.md\/public\/caring-for-carers\/the-candid-book-new\/\">Cite\u0219te cartea online acum<\/a><\/div><\/div>\n\n\n\n<div class=\"wp-block-rea-separator-rea-separator-block rea-separator-block front\"><div class=\"rea-separator-block__content\"><hr class=\"rea-separator-block__separator\"><\/div><\/div>\n\n\n\n<div class=\"wp-block-rea-paragraph-rea-paragraph-block rea-paragraph-block front\"><div class=\"rea-paragraph-block__content\"><p class=\"content-text\">Persoanele cu schizofrenie pot prezenta o serie de simptome, care le pot afecta calitatea vie\u021bii.\u00b2<br>De regul\u0103, aceste simptome apar la o v\u00e2rst\u0103 t\u00e2n\u0103r\u0103, \u00eentre 16 \u0219i 30 de ani.\u00b2 Medicul va evalua simptomele pentru a stabili diagnosticul.<\/p><\/div><\/div>\n\n\n\n<div class=\"wp-block-rea-illustration-rea-illustration-block rea-illustration-block front\"><img class=\"illustration-bg\" alt=\"\"><div class=\"rea-illustration-block__content\"><div class=\"rea-illustration-block__image image-wrapper\"><a href=\"https:\/\/schizophrenialife.md\/public\/wp-content\/uploads\/2024\/04\/Schizo_bun.png\" rel=\"noopener noreferrer\" target=\"_blank\" class=\"\"><img decoding=\"async\" class=\"illustration center\" alt=\"\" src=\"https:\/\/schizophrenialife.md\/public\/wp-content\/uploads\/2024\/04\/Schizo_bun.png\" style=\"max-width: 100%\"><img decoding=\"async\" class=\"rea-mobile illustration-mobile\" alt=\"\" src=\"https:\/\/schizophrenialife.md\/public\/wp-content\/uploads\/2024\/04\/Schizo_bun.png\"><\/a><\/div><p class=\"rea-site__caption caption-text align-center\">Simptome negative pe toat\u0103 durata schizofreniei Adaptat dup\u0103 Millan et al., 2014<\/p><\/div><\/div>\n\n\n\n<div class=\"wp-block-rea-separator-rea-separator-block rea-separator-block front\"><div class=\"rea-separator-block__content\"><hr class=\"rea-separator-block__separator\"><\/div><\/div>\n\n\n\n<div class=\"wp-block-rea-cta-rea-cta-block rea-cta-block front\"><div class=\"rea-cta-block__content\"><h4 class=\"cta-title\">Tratarea schizofreniei<\/h4><p class=\"cta-text\">Dup\u0103 un diagnostic de schizofrenie, medicul va discuta cu persoana diagnosticat\u0103 pentru a \u00eencepe un plan de tratament. Dup\u0103 ce \u00eencepe tratamentul, exist\u0103 dou\u0103 obiective principale pentru care este nevoie de colaborarea cu medicul: reducerea frecven\u021bei \u0219i severit\u0103\u021bii episoadelor psihotice acute \u0219i \u00eembun\u0103t\u0103\u021birea calit\u0103\u021bii vie\u021bii.\u00b9<\/p><a class=\"button__primary button-text\" href=\"https:\/\/schizophrenialife.md\/public\/understanding-schizophrenia\/tratament-si-remisie\/\">SE POATE TRATA SCHIZOFRENIA?<\/a><\/div><\/div>\n\n\n\n<div class=\"wp-block-rea-separator-rea-separator-block rea-separator-block front\"><div class=\"rea-separator-block__content\"><hr class=\"rea-separator-block__separator\"><\/div><\/div>\n\n\n\n<div class=\"wp-block-rea-cta-rea-cta-block rea-cta-block front\"><div class=\"rea-cta-block__content\"><h4 class=\"cta-title\">Schizofrenia este ereditar\u0103?<\/h4><p class=\"cta-text\">Mituri \u0219i adev\u0103ruri despre schizofrenie<\/p><a class=\"button__primary button-text\" href=\"https:\/\/schizophrenialife.md\/public\/mituri-si-adevaruri-despre-schizofrenie\/\">Schizofrenia este ereditar\u0103?<\/a><\/div><\/div>\n\n\n\n<div class=\"wp-block-rea-separator-rea-separator-block rea-separator-block front\"><div class=\"rea-separator-block__content\"><hr class=\"rea-separator-block__separator\"><\/div><\/div>\n\n\n\n<div class=\"wp-block-rea-cta-rea-cta-block rea-cta-block front\"><div class=\"rea-cta-block__content\"><h4 class=\"cta-title\">Schizofrenia \u0219i dependen\u021ba<\/h4><p class=\"cta-text\">Persoanele care consum\u0103 abuziv droguri dezvolt\u0103 simptome care seam\u0103n\u0103 foarte mult cu simptomele de schizofrenie \u0219i, \u00een anumite cazuri, abuzul de droguri poate crea mediul propice pentru declan\u0219area bolii.<\/p><a class=\"button__primary button-text\" href=\"https:\/\/schizophrenialife.md\/public\/schizofrenia-si-dependenta\/\">Schizofrenia \u0219i comportamentele care duc la dependen\u021b\u0103<\/a><\/div><\/div>\n\n\n\n\n<div class=\"wp-block-rea-title-rea-title-block rea-title-block front rea-share-block\" style=\"margin-bottom:30px;text-align:center;\">\n\t\t<div class=\"\">\n\t\t\t<span style=\"display:block;margin-bottom:10px;font-size:20px;\">Share<\/span>\n\t\t\t<a href=\"https:\/\/www.facebook.com\/sharer\/sharer.php?u=https:\/\/schizophrenialife.md\/public\/wp-json\/wp\/v2\/pages\/4715\" class=\"facebook-share\" target=\"_blank\"><\/a>\n\t\t\t<a href=\"https:\/\/www.linkedin.com\/shareArticle?mini=true&#038;url=https:\/\/schizophrenialife.md\/public\/wp-json\/wp\/v2\/pages\/4715\" class=\"linkedin-share\" target=\"_blank\"><\/a>\n\t\t<\/div>\n\t<\/div>","protected":false},"excerpt":{"rendered":"<p>Bun venit la schizophrenialife.md O colec\u021bie de resurse utile, pentru orice persoan\u0103 afectat\u0103 de schizofrenie. Ce este schizofrenia? Share<\/p>\n","protected":false},"author":6,"featured_media":0,"parent":0,"menu_order":0,"comment_status":"closed","ping_status":"closed","template":"page-fullwidth.php","meta":{"rea_page_title_signed_in_meta_block_field":"","rea_page_title_signed_out_meta_block_field":"","rea_page_description_signed_in_meta_block_field":"","rea_page_description_signed_out_meta_block_field":"","rea_page_footer_id_meta_block_field":"","rea_page_footer_date_meta_block_field":"","rank_math_lock_modified_date":false,"footnotes":""},"class_list":["post-4715","page","type-page","status-publish","hentry"],"acf":[],"_links":{"self":[{"href":"https:\/\/schizophrenialife.md\/public\/wp-json\/wp\/v2\/pages\/4715","targetHints":{"allow":["GET"]}}],"collection":[{"href":"https:\/\/schizophrenialife.md\/public\/wp-json\/wp\/v2\/pages"}],"about":[{"href":"https:\/\/schizophrenialife.md\/public\/wp-json\/wp\/v2\/types\/page"}],"author":[{"embeddable":true,"href":"https:\/\/schizophrenialife.md\/public\/wp-json\/wp\/v2\/users\/6"}],"replies":[{"embeddable":true,"href":"https:\/\/schizophrenialife.md\/public\/wp-json\/wp\/v2\/comments?post=4715"}],"version-history":[{"count":39,"href":"https:\/\/schizophrenialife.md\/public\/wp-json\/wp\/v2\/pages\/4715\/revisions"}],"predecessor-version":[{"id":9429,"href":"https:\/\/schizophrenialife.md\/public\/wp-json\/wp\/v2\/pages\/4715\/revisions\/9429"}],"wp:attachment":[{"href":"https:\/\/schizophrenialife.md\/public\/wp-json\/wp\/v2\/media?parent=4715"}],"curies":[{"name":"wp","href":"https:\/\/api.w.org\/{rel}","templated":true}]}}